{"id":1286,"date":"2018-07-24T20:36:59","date_gmt":"2018-07-24T20:36:59","guid":{"rendered":"http:\/\/vkdszsz.hu\/?page_id=1286"},"modified":"2023-08-21T13:32:05","modified_gmt":"2023-08-21T13:32:05","slug":"nyugdijas-szovetkezet","status":"publish","type":"page","link":"https:\/\/vkdszsz.hu\/?page_id=1286","title":{"rendered":"Nyugd\u00edjas Sz\u00f6vetkezet"},"content":{"rendered":"<p>Megalakult a <strong>V\u00edzfolyam K\u00f6z\u00e9rdek\u0171 Nyugd\u00edjas Sz\u00f6vetkezet<\/strong>, mely a v\u00edz\u00fcgyi \u00e1gazat nyugd\u00edjas sz\u00f6vetkezete, de term\u00e9szetesen b\u00e1rki sz\u00e1m\u00e1ra biztos\u00edtja a munkalehet\u0151s\u00e9get.<\/p>\n<p>A Sz\u00f6vetkezet alapvet\u0151 c\u00e9lja, hogy seg\u00edtse azokat a nyugd\u00edjasokat, akik a nyugd\u00edj mellett m\u00e9g dolgozni szeretn\u00e9nek.<\/p>\n<p>A jelenlegi jogszab\u00e1lyok el\u0151ny\u00f6ss\u00e9 teszik az ilyen t\u00edpus\u00fa foglalkoztat\u00e1st a munkav\u00e1llal\u00f3nak (nyugd\u00edjasnak) \u00e9s a munkaad\u00f3nak is. A nyugd\u00edjas sz\u00f6vetkezeten kereszt\u00fcl foglalkoztatott munkav\u00e1llal\u00f3 kevesebbet ad\u00f3zik j\u00f6vedelme ut\u00e1n,\u00a0 mely emellett k\u00f6lts\u00e9gk\u00e9nt jelenik meg a c\u00e9gn\u00e9l, s nem terheli a b\u00e9rkeretet!<\/p>\n<p>A Sz\u00f6vetkezet megalakul\u00e1sa \u00f3ta komoly \u00e9rdekl\u0151d\u00e9s mutatkozik \u00a0a <strong>V\u00edzfolyam K\u00f6z\u00e9rdek\u0171 Nyugd\u00edjas Sz\u00f6vetkezet <\/strong>szolg\u00e1ltat\u00e1sai ir\u00e1nt. \u00a0A Sz\u00f6vetkezet a szerz\u0151d\u00e9seket rugalmasan kezeli, a jogszab\u00e1lyok adta lehet\u0151s\u00e9geken bel\u00fcl igyekszik alkalmazkodni az egyedi c\u00e9ges ig\u00e9nyehez.<\/p>\n<p>Az alap\u00edt\u00e1st t\u00e1mogatta a V\u00edz\u00fcgyi K\u00f6zszolg\u00e1ltat\u00e1si Dolgoz\u00f3k Szakszervezeti Sz\u00f6vets\u00e9ge (VKDSZ)\u00a0 \u00e9s a Bizalom Nyugd\u00edjp\u00e9nzt\u00e1r is, de a Magyar V\u00edzik\u00f6zm\u0171 Sz\u00f6vets\u00e9g (MAV\u00cdZ)\u00a0 eln\u00f6ks\u00e9ge is t\u00e1mogat\u00e1s\u00e1r\u00f3l biztos\u00edtotta a kezdem\u00e9nyez\u00e9st.<\/p>\n<p>&nbsp;<\/p>\n<p>&nbsp;<\/p>\n<p><strong>Kabai Tibor<\/strong><\/p>\n<p>\u00fcgyvezet\u0151 eln\u00f6k<\/p>\n<p>V\u00edzfolyam K\u00f6z\u00e9rdek\u0171 Nyugd\u00edjas Sz\u00f6vetkezet<\/p>\n<p>&nbsp;<\/p>\n<p style=\"text-align: center;\"><strong>Let\u00f6lthet\u0151 dokumentumok:<br \/>\n<\/strong><a href=\"https:\/\/vkdszsz.hu\/wp-content\/uploads\/2018\/07\/Nyug-Szov_Letesito-okirat.pdf\">L\u00e9tes\u00edt\u0151 okirat<\/a><br \/>\n<a href=\"https:\/\/vkdszsz.hu\/wp-content\/uploads\/2018\/07\/Nyug-Szov_Tagfelveteli-kerelem.docx\">Tagfelv\u00e9teli k\u00e9relem (.docx)<\/a><\/p>\n<p style=\"text-align: center;\"><a href=\"https:\/\/vkdszsz.hu\/wp-content\/uploads\/2023\/08\/Nyug-Szov_Tagfelveteli-kerelem.pdf\">Tagfelv\u00e9teli k\u00e9relem (.pdf)<\/a><br \/>\n<a href=\"https:\/\/vkdszsz.hu\/wp-content\/uploads\/2018\/07\/Nyug-Szov_Tajekoztato_2018-01-01.pptx\">T\u00e1j\u00e9koztat\u00f3<\/a><br \/>\n<a href=\"https:\/\/vkdszsz.hu\/wp-content\/uploads\/2018\/07\/Nyug-Szov_NAV-Tajekoztato.pdf\">NAV T\u00e1j\u00e9koztat\u00f3<\/a><\/p>\n","protected":false},"excerpt":{"rendered":"<p>Megalakult a V\u00edzfolyam K\u00f6z\u00e9rdek\u0171 Nyugd\u00edjas Sz\u00f6vetkezet, mely a v\u00edz\u00fcgyi \u00e1gazat nyugd\u00edjas sz\u00f6vetkezete, de term\u00e9szetesen b\u00e1rki sz\u00e1m\u00e1ra biztos\u00edtja a munkalehet\u0151s\u00e9get. A Sz\u00f6vetkezet alapvet\u0151 c\u00e9lja, hogy seg\u00edtse azokat a nyugd\u00edjasokat, akik a nyugd\u00edj mellett m\u00e9g dolgozni szeretn\u00e9nek. A jelenlegi jogszab\u00e1lyok el\u0151ny\u00f6ss\u00e9 teszik az ilyen t\u00edpus\u00fa foglalkoztat\u00e1st a munkav\u00e1llal\u00f3nak (nyugd\u00edjasnak) \u00e9s a munkaad\u00f3nak is. A nyugd\u00edjas sz\u00f6vetkezeten kereszt\u00fcl&#8230;<\/p>\n","protected":false},"author":2,"featured_media":0,"parent":0,"menu_order":0,"comment_status":"closed","ping_status":"closed","template":"","meta":{"footnotes":""},"class_list":["post-1286","page","type-page","status-publish","hentry"],"_links":{"self":[{"href":"https:\/\/vkdszsz.hu\/index.php?rest_route=\/wp\/v2\/pages\/1286","targetHints":{"allow":["GET"]}}],"collection":[{"href":"https:\/\/vkdszsz.hu\/index.php?rest_route=\/wp\/v2\/pages"}],"about":[{"href":"https:\/\/vkdszsz.hu\/index.php?rest_route=\/wp\/v2\/types\/page"}],"author":[{"embeddable":true,"href":"https:\/\/vkdszsz.hu\/index.php?rest_route=\/wp\/v2\/users\/2"}],"replies":[{"embeddable":true,"href":"https:\/\/vkdszsz.hu\/index.php?rest_route=%2Fwp%2Fv2%2Fcomments&post=1286"}],"version-history":[{"count":7,"href":"https:\/\/vkdszsz.hu\/index.php?rest_route=\/wp\/v2\/pages\/1286\/revisions"}],"predecessor-version":[{"id":2036,"href":"https:\/\/vkdszsz.hu\/index.php?rest_route=\/wp\/v2\/pages\/1286\/revisions\/2036"}],"wp:attachment":[{"href":"https:\/\/vkdszsz.hu\/index.php?rest_route=%2Fwp%2Fv2%2Fmedia&parent=1286"}],"curies":[{"name":"wp","href":"https:\/\/api.w.org\/{rel}","templated":true}]}}

Nyugdíjas Szövetkezet

<p>Megalakult a <strong>Vízfolyam Közérdekű Nyugdíjas Szövetkezet</strong>, mely a vízügyi ágazat nyugdíjas szövetkezete, de természetesen bárki számára biztosítja a munkalehetőséget.</p>
<p>A Szövetkezet alapvető célja, hogy segítse azokat a nyugdíjasokat, akik a nyugdíj mellett még dolgozni szeretnének.</p>
<p>A jelenlegi jogszabályok előnyössé teszik az ilyen típusú foglalkoztatást a munkavállalónak (nyugdíjasnak) és a munkaadónak is. A nyugdíjas szövetkezeten keresztül foglalkoztatott munkavállaló kevesebbet adózik jövedelme után,  mely emellett költségként jelenik meg a cégnél, s nem terheli a bérkeretet!</p>
<p>A Szövetkezet megalakulása óta komoly érdeklődés mutatkozik  a <strong>Vízfolyam Közérdekű Nyugdíjas Szövetkezet </strong>szolgáltatásai iránt.  A Szövetkezet a szerződéseket rugalmasan kezeli, a jogszabályok adta lehetőségeken belül igyekszik alkalmazkodni az egyedi céges igényehez.</p>
<p>Az alapítást támogatta a Vízügyi Közszolgáltatási Dolgozók Szakszervezeti Szövetsége (VKDSZ)  és a Bizalom Nyugdíjpénztár is, de a Magyar Víziközmű Szövetség (MAVÍZ)  elnöksége is támogatásáról biztosította a kezdeményezést.</p>
<p>&nbsp;</p>
<p>&nbsp;</p>
<p><strong>Kabai Tibor</strong></p>
<p>ügyvezető elnök</p>
<p>Vízfolyam Közérdekű Nyugdíjas Szövetkezet</p>
<p>&nbsp;</p>
<p style="text-align: center;"><strong>Letölthető dokumentumok:<br />
</strong><a href="https://vkdszsz.hu/wp-content/uploads/2018/07/Nyug-Szov_Letesito-okirat.pdf">Létesítő okirat</a><br />
<a href="https://vkdszsz.hu/wp-content/uploads/2018/07/Nyug-Szov_Tagfelveteli-kerelem.docx">Tagfelvételi kérelem (.docx)</a></p>
<p style="text-align: center;"><a href="https://vkdszsz.hu/wp-content/uploads/2023/08/Nyug-Szov_Tagfelveteli-kerelem.pdf">Tagfelvételi kérelem (.pdf)</a><br />
<a href="https://vkdszsz.hu/wp-content/uploads/2018/07/Nyug-Szov_Tajekoztato_2018-01-01.pptx">Tájékoztató</a><br />
<a href="https://vkdszsz.hu/wp-content/uploads/2018/07/Nyug-Szov_NAV-Tajekoztato.pdf">NAV Tájékoztató</a></p>

<p>Megalakult a Vízfolyam Közérdekű Nyugdíjas Szövetkezet, mely a vízügyi ágazat nyugdíjas szövetkezete, de természetesen bárki számára biztosítja a munkalehetőséget. A Szövetkezet alapvető célja, hogy segítse azokat a nyugdíjasokat, akik a nyugdíj mellett még dolgozni szeretnének. A jelenlegi jogszabályok előnyössé teszik az ilyen típusú foglalkoztatást a munkavállalónak (nyugdíjasnak) és a munkaadónak is. A nyugdíjas szövetkezeten keresztül&#8230;</p>
