{"id":154,"date":"2018-06-12T08:12:31","date_gmt":"2018-06-12T08:12:31","guid":{"rendered":"http:\/\/vkdszsz.hu\/?page_id=154"},"modified":"2018-06-13T08:30:56","modified_gmt":"2018-06-13T08:30:56","slug":"tagfelveteli-kerelem","status":"publish","type":"page","link":"https:\/\/vkdszsz.hu\/?page_id=154","title":{"rendered":"Tagfelv\u00e9teli k\u00e9relem"},"content":{"rendered":"<p><strong>Kedves \u00c9rdekl\u0151d\u0151!<\/strong><br \/>\n&nbsp;<\/p>\n<p style=\"text-align: justify;\">A VKDSZ a v\u00edz-, csatorna-, szennyv\u00edz- f\u00fcrd\u0151-k\u00f6zszolg\u00e1ltat\u00e1s, a k\u00f6rnyezetv\u00e9delem \u00e9s e tev\u00e9kenys\u00e9ghez kapcsol\u00f3d\u00f3 munkahelyi szervezetek munkav\u00e1llal\u00f3inak \u00f6n\u00e1ll\u00f3, f\u00fcggetlen, demokratikus \u00e9s nyitott orsz\u00e1gos \u00e9rdekk\u00e9pviseleti sz\u00f6vets\u00e9ge.<br \/>\nA VKDSZ a munkahelyi szakszervezetek \u00e9rdekv\u00e9delm\u00e9t \u00e9s -k\u00e9pviselet\u00e9t koordin\u00e1l\u00f3 szervezet, melyben meghat\u00e1roz\u00f3 a VKDSZ-t alkot\u00f3 munkahelyi szakszervezetek d\u00f6nt\u00e9si \u00e9s cselekv\u00e9si \u00f6n\u00e1ll\u00f3s\u00e1ga, az egy\u00fcttm\u0171k\u00f6d\u00e9s \u00f6nk\u00e9ntes jellege. Egyenl\u0151 fontoss\u00e1g\u00fa alapvet\u0151 \u00e9rt\u00e9kei: a b\u00e9ke, a szabads\u00e1g, az igazs\u00e1goss\u00e1g \u00e9s a szolidarit\u00e1s.<br \/>\nA VKDSZ \u00f6sszefogja \u00e9s seg\u00edti a munkahelyi szakszervezetek tev\u00e9kenys\u00e9g\u00e9t.<br \/>\nSz\u00f6vets\u00e9gi form\u00e1nk miatt egy\u00e9ni tagk\u00e9nt nem lehet szervezet\u00fcnkh\u00f6z csatlakozni, ez\u00e9rt a jelentkez\u0151knek t\u00f6bb lehet\u0151s\u00e9g is a rendelkez\u00e9s\u00e9re \u00e1ll.<\/p>\n<p>&nbsp;<\/p>\n<ul>\n<li>Ha csak egy szem\u00e9ly szeretne csatlakozni, akkor meg kell keresnie valamelyik k\u00f6rny\u00e9kbeli szakszervezet\u00fcnket, ha annak az Alapszab\u00e1lya megengedi akkor hozz\u00e1juk lehet csatlakozni.<\/li>\n<p>&nbsp;<\/p>\n<li>Ha a csatlakozni k\u00edv\u00e1nok csoportja legal\u00e1bb t\u00edz f\u0151 vagy t\u00f6bb, akkor lehet\u0151s\u00e9g\u00fck ny\u00edlik saj\u00e1t szakszervezetet alak\u00edt\u00e1s\u00e1ra.Szakszervezet alak\u00edt\u00e1s\u00e1hoz inform\u00e1ci\u00f3kat tal\u00e1lhat a<br \/>\n&nbsp;<br \/>\n<a href=\"http:\/\/www.liganet.hu\/page\/202\/art\/5759\/akt\/1\/html\/hogyan-alakitsunk-szakszervezetet.html\">http:\/\/www.liganet.hu\/page\/202\/art\/5759\/akt\/1\/html\/hogyan-alakitsunk-szakszervezetet.html<\/a><\/li>\n<p>&nbsp;<\/p>\n<li>Ha csatlakozni k\u00edv\u00e1n\u00f3k bejegyzett \u00f6n\u00e1ll\u00f3 jogi szem\u00e9lyis\u00e9g\u0171 szervezet, akkor csatlakoz\u00e1si sz\u00e1nd\u00e9kukat \u00edr\u00e1sban jelezz\u00e9k a Bel\u00e9p\u00e9si sz\u00e1nd\u00e9k nyilatkozat kit\u00f6lt\u00e9s\u00e9vel \u00e9s annak eljuttat\u00e1s\u00e1val a vkdsz@euroweb.hue-mail c\u00edmre vagy postai \u00faton a VKDSZ 1146 Budapest Borosty\u00e1n u. 1\/B c\u00edmre.<\/li>\n<p>&nbsp;\n<\/ul>\n<p><a href=\"https:\/\/vkdszsz.hu\/wp-content\/uploads\/2018\/06\/belepesi-nyilatkozat.docx\"><i class=\"fas fa-file-word\" style=\"font-size: 1.5em; color: blue; margin-right: 10px;\"><\/i>Bel\u00e9p\u00e9si sz\u00e1nd\u00e9k nyilatkozat<\/a><br \/>\n&nbsp;<br \/>\nCsatlakoz\u00e1si sz\u00e1nd\u00e9k \u00e9s tov\u00e1bbi k\u00e9rd\u00e9s eset\u00e9n r\u00e9szletes inform\u00e1ci\u00f3t kaphat:<br \/>\n&nbsp;<br \/>\n<strong>\u00c1d\u00e1m R\u00f3bert J\u00e1nos<\/strong><br \/>\nVKDSZ \u00fcgyvezet\u0151<br \/>\n<a href=\"mailto:adam.robert.janos@edvrt.hu\">adam.robert.janos@edvrt.hu<\/a><br \/>\n06-30-640-1463<\/p>\n","protected":false},"excerpt":{"rendered":"<p>Kedves \u00c9rdekl\u0151d\u0151! &nbsp; A VKDSZ a v\u00edz-, csatorna-, szennyv\u00edz- f\u00fcrd\u0151-k\u00f6zszolg\u00e1ltat\u00e1s, a k\u00f6rnyezetv\u00e9delem \u00e9s e tev\u00e9kenys\u00e9ghez kapcsol\u00f3d\u00f3 munkahelyi szervezetek munkav\u00e1llal\u00f3inak \u00f6n\u00e1ll\u00f3, f\u00fcggetlen, demokratikus \u00e9s nyitott orsz\u00e1gos \u00e9rdekk\u00e9pviseleti sz\u00f6vets\u00e9ge. A VKDSZ a munkahelyi szakszervezetek \u00e9rdekv\u00e9delm\u00e9t \u00e9s -k\u00e9pviselet\u00e9t koordin\u00e1l\u00f3 szervezet, melyben meghat\u00e1roz\u00f3 a VKDSZ-t alkot\u00f3 munkahelyi szakszervezetek d\u00f6nt\u00e9si \u00e9s cselekv\u00e9si \u00f6n\u00e1ll\u00f3s\u00e1ga, az egy\u00fcttm\u0171k\u00f6d\u00e9s \u00f6nk\u00e9ntes jellege. Egyenl\u0151 fontoss\u00e1g\u00fa alapvet\u0151&#8230;<\/p>\n","protected":false},"author":1,"featured_media":0,"parent":0,"menu_order":0,"comment_status":"closed","ping_status":"closed","template":"","meta":{"footnotes":""},"class_list":["post-154","page","type-page","status-publish","hentry"],"_links":{"self":[{"href":"https:\/\/vkdszsz.hu\/index.php?rest_route=\/wp\/v2\/pages\/154","targetHints":{"allow":["GET"]}}],"collection":[{"href":"https:\/\/vkdszsz.hu\/index.php?rest_route=\/wp\/v2\/pages"}],"about":[{"href":"https:\/\/vkdszsz.hu\/index.php?rest_route=\/wp\/v2\/types\/page"}],"author":[{"embeddable":true,"href":"https:\/\/vkdszsz.hu\/index.php?rest_route=\/wp\/v2\/users\/1"}],"replies":[{"embeddable":true,"href":"https:\/\/vkdszsz.hu\/index.php?rest_route=%2Fwp%2Fv2%2Fcomments&post=154"}],"version-history":[{"count":15,"href":"https:\/\/vkdszsz.hu\/index.php?rest_route=\/wp\/v2\/pages\/154\/revisions"}],"predecessor-version":[{"id":288,"href":"https:\/\/vkdszsz.hu\/index.php?rest_route=\/wp\/v2\/pages\/154\/revisions\/288"}],"wp:attachment":[{"href":"https:\/\/vkdszsz.hu\/index.php?rest_route=%2Fwp%2Fv2%2Fmedia&parent=154"}],"curies":[{"name":"wp","href":"https:\/\/api.w.org\/{rel}","templated":true}]}}

Tagfelvételi kérelem

<p><strong>Kedves Érdeklődő!</strong><br />
&nbsp;</p>
<p style="text-align: justify;">A VKDSZ a víz-, csatorna-, szennyvíz- fürdő-közszolgáltatás, a környezetvédelem és e tevékenységhez kapcsolódó munkahelyi szervezetek munkavállalóinak önálló, független, demokratikus és nyitott országos érdekképviseleti szövetsége.<br />
A VKDSZ a munkahelyi szakszervezetek érdekvédelmét és -képviseletét koordináló szervezet, melyben meghatározó a VKDSZ-t alkotó munkahelyi szakszervezetek döntési és cselekvési önállósága, az együttműködés önkéntes jellege. Egyenlő fontosságú alapvető értékei: a béke, a szabadság, az igazságosság és a szolidaritás.<br />
A VKDSZ összefogja és segíti a munkahelyi szakszervezetek tevékenységét.<br />
Szövetségi formánk miatt egyéni tagként nem lehet szervezetünkhöz csatlakozni, ezért a jelentkezőknek több lehetőség is a rendelkezésére áll.</p>
<p>&nbsp;</p>
<ul>
<li>Ha csak egy személy szeretne csatlakozni, akkor meg kell keresnie valamelyik környékbeli szakszervezetünket, ha annak az Alapszabálya megengedi akkor hozzájuk lehet csatlakozni.</li>
<p>&nbsp;</p>
<li>Ha a csatlakozni kívánok csoportja legalább tíz fő vagy több, akkor lehetőségük nyílik saját szakszervezetet alakítására.Szakszervezet alakításához információkat találhat a<br />
&nbsp;<br />
<a href="http://www.liganet.hu/page/202/art/5759/akt/1/html/hogyan-alakitsunk-szakszervezetet.html">http://www.liganet.hu/page/202/art/5759/akt/1/html/hogyan-alakitsunk-szakszervezetet.html</a></li>
<p>&nbsp;</p>
<li>Ha csatlakozni kívánók bejegyzett önálló jogi személyiségű szervezet, akkor csatlakozási szándékukat írásban jelezzék a Belépési szándék nyilatkozat kitöltésével és annak eljuttatásával a vkdsz@euroweb.hue-mail címre vagy postai úton a VKDSZ 1146 Budapest Borostyán u. 1/B címre.</li>
<p>&nbsp;
</ul>
<p><a href="https://vkdszsz.hu/wp-content/uploads/2018/06/belepesi-nyilatkozat.docx"><i class="fas fa-file-word" style="font-size: 1.5em; color: blue; margin-right: 10px;"></i>Belépési szándék nyilatkozat</a><br />
&nbsp;<br />
Csatlakozási szándék és további kérdés esetén részletes információt kaphat:<br />
&nbsp;<br />
<strong>Ádám Róbert János</strong><br />
VKDSZ ügyvezető<br />
<a href="mailto:adam.robert.janos@edvrt.hu">adam.robert.janos@edvrt.hu</a><br />
06-30-640-1463</p>

<p>Kedves Érdeklődő! &nbsp; A VKDSZ a víz-, csatorna-, szennyvíz- fürdő-közszolgáltatás, a környezetvédelem és e tevékenységhez kapcsolódó munkahelyi szervezetek munkavállalóinak önálló, független, demokratikus és nyitott országos érdekképviseleti szövetsége. A VKDSZ a munkahelyi szakszervezetek érdekvédelmét és -képviseletét koordináló szervezet, melyben meghatározó a VKDSZ-t alkotó munkahelyi szakszervezetek döntési és cselekvési önállósága, az együttműködés önkéntes jellege. Egyenlő fontosságú alapvető&#8230;</p>
