{"id":738,"date":"2018-06-15T11:16:22","date_gmt":"2018-06-15T11:16:22","guid":{"rendered":"http:\/\/vkdszsz.hu\/?page_id=738"},"modified":"2018-06-15T11:27:23","modified_gmt":"2018-06-15T11:27:23","slug":"hasznos-informaciok","status":"publish","type":"page","link":"https:\/\/vkdszsz.hu\/?page_id=738","title":{"rendered":"Inform\u00e1ci\u00f3k"},"content":{"rendered":"<ul>\n<li><a href=\"https:\/\/vkdszsz.hu\/wp-content\/uploads\/2018\/06\/03-dr_szabo_ivan_eloadasa.zip\">Dr. Szab\u00f3 Iv\u00e1n \u00fcgyv\u00e9d el\u0151ad\u00e1sa <\/a><\/li>\n<li><a href=\"https:\/\/vkdszsz.hu\/wp-content\/uploads\/2018\/06\/10-valtozasok-hatasai-a-szakszervezeti-munkara.ppt\">V\u00e1ltoz\u00e1sok hat\u00e1sai a szakszervezeti munk\u00e1ra <\/a><\/li>\n<li><a href=\"https:\/\/vkdszsz.hu\/wp-content\/uploads\/2018\/06\/14-Turoczy-Laszlo.ppt\">Az Eur\u00f3pa 2020 Strat\u00e9gia hazai v\u00e9grehajt\u00e1sa &#8211; Tur\u00f3czy L\u00e1szl\u00f3 el\u0151ad\u00e1sa <\/a><\/li>\n<li><a href=\"https:\/\/vkdszsz.hu\/wp-content\/uploads\/2018\/06\/15-Bihall-Tamas.ppt\">A kamara szerepe a szakk\u00e9pz\u00e9sben &#8211; Bihall Tam\u00e1s el\u0151ad\u00e1sa <\/a><\/li>\n<li><a href=\"https:\/\/vkdszsz.hu\/wp-content\/uploads\/2018\/06\/16-Cseres-Gergely-Zsombor.ppt\">El\u0151rejelz\u00e9s, az inform\u00e1ci\u00f3 \u00e1raml\u00e1sa, a foglalkoztat\u00e1s szintj\u00e9nek emel\u00e9se &#8211; Cseres-Gergely Zsombor el\u0151ad\u00e1sa <\/a><\/li>\n<li><a href=\"https:\/\/vkdszsz.hu\/wp-content\/uploads\/2018\/06\/17-Laki-Laszlo.doc\"> R\u00e9szv\u00e9teli demokr\u00e1cia, a szoci\u00e1lis p\u00e1rbesz\u00e9d, mint er\u0151forr\u00e1s &#8211; Laki L\u00e1szl\u00f3 el\u0151ad\u00e1sa <\/a><\/li>\n<li><a href=\"https:\/\/vkdszsz.hu\/wp-content\/uploads\/2018\/06\/18-Losoncz-Miklos.ppt\"> El\u0151nyt a gazdas\u00e1gnak, a munk\u00e1nak, a leg\u00e1lis foglalkoztat\u00e1s n\u00f6vel\u00e9s\u00e9nek &#8211; Dr. Losoncz Mikl\u00f3s el\u0151ad\u00e1sa <\/a><\/li>\n<li><a href=\"https:\/\/vkdszsz.hu\/wp-content\/uploads\/2018\/06\/19-Neumann-Laszlo.ppt\">A \u201eMunkahelyi foglalkoztat\u00e1si viszonyok &#8211; 2010\u201d k\u00e9rd\u0151\u00edves kutat\u00e1sr\u00f3l &#8211; Neumann L\u00e1szl\u00f3 el\u0151ad\u00e1sa <\/a><\/li>\n<li><a href=\"https:\/\/vkdszsz.hu\/wp-content\/uploads\/2018\/06\/20-Schreder-Mihaly.ppt\">Szakk\u00e9pz\u00e9s az Eur\u00f3pai Uni\u00f3ban, a piaci keresletnek megfelel\u0151 szakk\u00e9pz\u00e9s aktu\u00e1lis k\u00e9rd\u00e9sei &#8211; Schr\u00e9der Mih\u00e1ly el\u0151ad\u00e1sa <\/a><\/li>\n<li><a href=\"https:\/\/vkdszsz.hu\/wp-content\/uploads\/2018\/06\/21-erdekervenyesites.ppt\">\u00c9rdek\u00e9rv\u00e9nyes\u00edt\u00e9s Dr. Sz\u0171cs Gy\u00f6rgy: Az emberi kapcsolatok konfliktusai c. el\u0151ad\u00e1sa, Gyula, 2011.<\/a><\/li>\n<li><a href=\"https:\/\/vkdszsz.hu\/wp-content\/uploads\/2018\/06\/23-VKDSZ_kapcsolatrendszere_eloadas_Halasy_Karoly.ppt\">A VKDSZ kapcsolatrendszere &#8211; el\u0151ad\u00e1s (Halasy K\u00e1roly) <\/a><\/li>\n<li><a href=\"https:\/\/vkdszsz.hu\/wp-content\/uploads\/2018\/06\/24-A_tagszervezeti_munka_erositese_eloadas_Halasy_Karoly.ppt\">A tagszervezeti munka er\u0151s\u00edt\u00e9se &#8211; el\u0151ad\u00e1s (Halasy K\u00e1roly) <\/a><\/li>\n<li><a href=\"https:\/\/vkdszsz.hu\/wp-content\/uploads\/2018\/06\/25-regionalis_kepzes.ppt\">Region\u00e1lis k\u00e9pz\u00e9s <\/a><\/li>\n<li><a href=\"https:\/\/vkdszsz.hu\/wp-content\/uploads\/2018\/06\/27-vizikozmu_kerdesek.ppt\"> A v\u00edzik\u00f6zm\u0171 szolg\u00e1ltat\u00e1s helyzete, szerepe, f\u0151 k\u00e9rd\u00e9sek <\/a><\/li>\n<li><a href=\"https:\/\/vkdszsz.hu\/wp-content\/uploads\/2018\/06\/28-vizikozmu_erdekvedelmi_szemmel.ppt\">A v\u00edzik\u00f6zm\u0171 szolg\u00e1ltat\u00e1s \u00e9rdekv\u00e9delmi szemmel (Halasy K\u00e1roly) <\/a><\/li>\n<li><a href=\"https:\/\/vkdszsz.hu\/wp-content\/uploads\/2018\/06\/29-agazatierdekegyeztetesHalasyK.pps\">\u00c1gazati szint\u0171 \u00e9rdekegyeztet\u00e9s, \u00e9rdekk\u00e9pviselet, a VKDSZ aktu\u00e1lis feladatai <\/a><\/li>\n<li><a href=\"https:\/\/vkdszsz.hu\/wp-content\/uploads\/2018\/06\/30-EVDSZ-nyugdijpenztallasfogl.pps\">EVDSZ Nyugd\u00edjp\u00e9nzt\u00e1r: A mag\u00e1n nyugd\u00edjp\u00e9nzt\u00e1ri tv. v\u00e1rhat\u00f3 v\u00e1ltoz\u00e1sainak hat\u00e1sa <\/a><\/li>\n<\/ul>\n","protected":false},"excerpt":{"rendered":"<p>Dr. Szab\u00f3 Iv\u00e1n \u00fcgyv\u00e9d el\u0151ad\u00e1sa V\u00e1ltoz\u00e1sok hat\u00e1sai a szakszervezeti munk\u00e1ra Az Eur\u00f3pa 2020 Strat\u00e9gia hazai v\u00e9grehajt\u00e1sa &#8211; Tur\u00f3czy L\u00e1szl\u00f3 el\u0151ad\u00e1sa A kamara szerepe a szakk\u00e9pz\u00e9sben &#8211; Bihall Tam\u00e1s el\u0151ad\u00e1sa El\u0151rejelz\u00e9s, az inform\u00e1ci\u00f3 \u00e1raml\u00e1sa, a foglalkoztat\u00e1s szintj\u00e9nek emel\u00e9se &#8211; Cseres-Gergely Zsombor el\u0151ad\u00e1sa R\u00e9szv\u00e9teli demokr\u00e1cia, a szoci\u00e1lis p\u00e1rbesz\u00e9d, mint er\u0151forr\u00e1s &#8211; Laki L\u00e1szl\u00f3 el\u0151ad\u00e1sa El\u0151nyt a gazdas\u00e1gnak,&#8230;<\/p>\n","protected":false},"author":1,"featured_media":0,"parent":0,"menu_order":0,"comment_status":"closed","ping_status":"closed","template":"","meta":{"footnotes":""},"class_list":["post-738","page","type-page","status-publish","hentry"],"_links":{"self":[{"href":"https:\/\/vkdszsz.hu\/index.php?rest_route=\/wp\/v2\/pages\/738","targetHints":{"allow":["GET"]}}],"collection":[{"href":"https:\/\/vkdszsz.hu\/index.php?rest_route=\/wp\/v2\/pages"}],"about":[{"href":"https:\/\/vkdszsz.hu\/index.php?rest_route=\/wp\/v2\/types\/page"}],"author":[{"embeddable":true,"href":"https:\/\/vkdszsz.hu\/index.php?rest_route=\/wp\/v2\/users\/1"}],"replies":[{"embeddable":true,"href":"https:\/\/vkdszsz.hu\/index.php?rest_route=%2Fwp%2Fv2%2Fcomments&post=738"}],"version-history":[{"count":6,"href":"https:\/\/vkdszsz.hu\/index.php?rest_route=\/wp\/v2\/pages\/738\/revisions"}],"predecessor-version":[{"id":745,"href":"https:\/\/vkdszsz.hu\/index.php?rest_route=\/wp\/v2\/pages\/738\/revisions\/745"}],"wp:attachment":[{"href":"https:\/\/vkdszsz.hu\/index.php?rest_route=%2Fwp%2Fv2%2Fmedia&parent=738"}],"curies":[{"name":"wp","href":"https:\/\/api.w.org\/{rel}","templated":true}]}}

Információk

<ul>
<li><a href="https://vkdszsz.hu/wp-content/uploads/2018/06/03-dr_szabo_ivan_eloadasa.zip">Dr. Szabó Iván ügyvéd előadása </a></li>
<li><a href="https://vkdszsz.hu/wp-content/uploads/2018/06/10-valtozasok-hatasai-a-szakszervezeti-munkara.ppt">Változások hatásai a szakszervezeti munkára </a></li>
<li><a href="https://vkdszsz.hu/wp-content/uploads/2018/06/14-Turoczy-Laszlo.ppt">Az Európa 2020 Stratégia hazai végrehajtása &#8211; Turóczy László előadása </a></li>
<li><a href="https://vkdszsz.hu/wp-content/uploads/2018/06/15-Bihall-Tamas.ppt">A kamara szerepe a szakképzésben &#8211; Bihall Tamás előadása </a></li>
<li><a href="https://vkdszsz.hu/wp-content/uploads/2018/06/16-Cseres-Gergely-Zsombor.ppt">Előrejelzés, az információ áramlása, a foglalkoztatás szintjének emelése &#8211; Cseres-Gergely Zsombor előadása </a></li>
<li><a href="https://vkdszsz.hu/wp-content/uploads/2018/06/17-Laki-Laszlo.doc"> Részvételi demokrácia, a szociális párbeszéd, mint erőforrás &#8211; Laki László előadása </a></li>
<li><a href="https://vkdszsz.hu/wp-content/uploads/2018/06/18-Losoncz-Miklos.ppt"> Előnyt a gazdaságnak, a munkának, a legális foglalkoztatás növelésének &#8211; Dr. Losoncz Miklós előadása </a></li>
<li><a href="https://vkdszsz.hu/wp-content/uploads/2018/06/19-Neumann-Laszlo.ppt">A „Munkahelyi foglalkoztatási viszonyok &#8211; 2010” kérdőíves kutatásról &#8211; Neumann László előadása </a></li>
<li><a href="https://vkdszsz.hu/wp-content/uploads/2018/06/20-Schreder-Mihaly.ppt">Szakképzés az Európai Unióban, a piaci keresletnek megfelelő szakképzés aktuális kérdései &#8211; Schréder Mihály előadása </a></li>
<li><a href="https://vkdszsz.hu/wp-content/uploads/2018/06/21-erdekervenyesites.ppt">Érdekérvényesítés Dr. Szűcs György: Az emberi kapcsolatok konfliktusai c. előadása, Gyula, 2011.</a></li>
<li><a href="https://vkdszsz.hu/wp-content/uploads/2018/06/23-VKDSZ_kapcsolatrendszere_eloadas_Halasy_Karoly.ppt">A VKDSZ kapcsolatrendszere &#8211; előadás (Halasy Károly) </a></li>
<li><a href="https://vkdszsz.hu/wp-content/uploads/2018/06/24-A_tagszervezeti_munka_erositese_eloadas_Halasy_Karoly.ppt">A tagszervezeti munka erősítése &#8211; előadás (Halasy Károly) </a></li>
<li><a href="https://vkdszsz.hu/wp-content/uploads/2018/06/25-regionalis_kepzes.ppt">Regionális képzés </a></li>
<li><a href="https://vkdszsz.hu/wp-content/uploads/2018/06/27-vizikozmu_kerdesek.ppt"> A víziközmű szolgáltatás helyzete, szerepe, fő kérdések </a></li>
<li><a href="https://vkdszsz.hu/wp-content/uploads/2018/06/28-vizikozmu_erdekvedelmi_szemmel.ppt">A víziközmű szolgáltatás érdekvédelmi szemmel (Halasy Károly) </a></li>
<li><a href="https://vkdszsz.hu/wp-content/uploads/2018/06/29-agazatierdekegyeztetesHalasyK.pps">Ágazati szintű érdekegyeztetés, érdekképviselet, a VKDSZ aktuális feladatai </a></li>
<li><a href="https://vkdszsz.hu/wp-content/uploads/2018/06/30-EVDSZ-nyugdijpenztallasfogl.pps">EVDSZ Nyugdíjpénztár: A magán nyugdíjpénztári tv. várható változásainak hatása </a></li>
</ul>

<p>Dr. Szabó Iván ügyvéd előadása Változások hatásai a szakszervezeti munkára Az Európa 2020 Stratégia hazai végrehajtása &#8211; Turóczy László előadása A kamara szerepe a szakképzésben &#8211; Bihall Tamás előadása Előrejelzés, az információ áramlása, a foglalkoztatás szintjének emelése &#8211; Cseres-Gergely Zsombor előadása Részvételi demokrácia, a szociális párbeszéd, mint erőforrás &#8211; Laki László előadása Előnyt a gazdaságnak,&#8230;</p>
