{"id":773,"date":"2018-06-18T07:09:18","date_gmt":"2018-06-18T07:09:18","guid":{"rendered":"http:\/\/vkdszsz.hu\/?page_id=773"},"modified":"2018-06-18T07:09:18","modified_gmt":"2018-06-18T07:09:18","slug":"be-nem-jelentett-alkalmazottat-foglalkoztatok-nyilvanossagra-hozatala","status":"publish","type":"page","link":"https:\/\/vkdszsz.hu\/?page_id=773","title":{"rendered":"Be nem jelentett alkalmazottat foglalkoztat\u00f3k nyilv\u00e1noss\u00e1gra hozatala"},"content":{"rendered":"<p>Az \u00e1llami ad\u00f3hat\u00f3s\u00e1g a munka\u00fcgyi kapcsolatok rendezetts\u00e9ge t\u00f6rv\u00e9nyi felt\u00e9teleinek m\u00e1s szervek elj\u00e1r\u00e1s\u00e1ban t\u00f6rt\u00e9n\u0151 felhaszn\u00e1l\u00e1sa c\u00e9lj\u00e1b\u00f3l a honlapj\u00e1n folyamatosan nyilv\u00e1noss\u00e1gra hozza azoknak az ad\u00f3z\u00f3knak a nev\u00e9t, sz\u00e9khely\u00e9t, ad\u00f3sz\u00e1m\u00e1t (ad\u00f3sz\u00e1mmal nem rendelkez\u0151 term\u00e9szetes szem\u00e9ly foglalkoztat\u00f3 nev\u00e9t, lakc\u00edm\u00e9t, ad\u00f3azonos\u00edt\u00f3 jel\u00e9t), akik (amelyek) tekintet\u00e9ben joger\u0151s \u00e9s v\u00e9grehajthat\u00f3 k\u00f6zigazgat\u00e1si vagy b\u00edr\u00f3s\u00e1gi hat\u00e1rozat meg\u00e1llap\u00edtotta, hogy nem tettek eleget a munkaviszony l\u00e9tes\u00edt\u00e9s\u00e9vel \u00f6sszef\u00fcgg\u0151 bejelent\u00e9si k\u00f6telezetts\u00e9g\u00fcknek. Az ad\u00f3hat\u00f3s\u00e1g a honlapj\u00e1n ezen ad\u00f3z\u00f3k nev\u00e9nek (sz\u00e9khely\u00e9nek, ad\u00f3sz\u00e1m\u00e1nak) felt\u00fcntet\u00e9se mellett a jogs\u00e9rt\u00e9st meg\u00e1llap\u00edt\u00f3 hat\u00e1rozat kelt\u00e9t \u00e9s v\u00e9grehajthat\u00f3v\u00e1 v\u00e1l\u00e1s\u00e1nak napj\u00e1t nyilv\u00e1noss\u00e1gra hozza.<br \/>\nHa az ad\u00f3hat\u00f3s\u00e1g hat\u00e1rozat\u00e1nak b\u00edr\u00f3s\u00e1gi fel\u00fclvizsg\u00e1lata ir\u00e1nt keresetet ind\u00edtottak, az adatok k\u00f6zz\u00e9t\u00e9tel\u00e9re a b\u00edr\u00f3s\u00e1g joger\u0151s \u00e9s v\u00e9grehajthat\u00f3 hat\u00e1rozata alapj\u00e1n ker\u00fcl sor.<br \/>\nAz ad\u00f3hat\u00f3s\u00e1g a honlapj\u00e1n k\u00f6zz\u00e9tett ad\u00f3z\u00f3k adatait &#8211; felt\u00e9ve, hogy a k\u00f6zz\u00e9t\u00e9tel alapj\u00e1ul szolg\u00e1l\u00f3 jogs\u00e9rt\u00e9st az ad\u00f3z\u00f3 ism\u00e9telten nem k\u00f6vette el &#8211; a k\u00f6zz\u00e9t\u00e9telt\u0151l sz\u00e1m\u00edtott k\u00e9t \u00e9v<br \/>\neltelt\u00e9vel t\u00f6rli.<\/p>\n<p>A rendezett munka\u00fcgyi kapcsolatok k\u00f6vetelm\u00e9nye<br \/>\nA k\u00f6zz\u00e9tett ad\u00f3z\u00f3k k\u00f6z\u00fcl kiz\u00e1r\u00f3lag az nem felel meg a rendezett munka\u00fcgyi kapcsolatok k\u00f6vetelm\u00e9ny\u00e9nek, akit a k\u00f6lts\u00e9gvet\u00e9si t\u00e1mogat\u00e1s ig\u00e9nyl\u00e9s\u00e9nek id\u0151pontj\u00e1t megel\u0151z\u0151 k\u00e9t \u00e9ven bel\u00fcl: ism\u00e9telten, a kor\u00e1bbival azonos \u00e9s ugyanazon telephelyen elk\u00f6vetett jogs\u00e9rt\u00e9s miatt s\u00fajtott b\u00edrs\u00e1ggal az ad\u00f3hat\u00f3s\u00e1g, illetve a b\u00edr\u00f3s\u00e1g.<\/p>\n<p>A szoci\u00e1lis hozz\u00e1j\u00e1rul\u00e1si ad\u00f3 m\u00e9rt\u00e9ke<br \/>\n2017. janu\u00e1r 1-j\u00e9t\u0151l 22 %<\/p>\n","protected":false},"excerpt":{"rendered":"<p>Az \u00e1llami ad\u00f3hat\u00f3s\u00e1g a munka\u00fcgyi kapcsolatok rendezetts\u00e9ge t\u00f6rv\u00e9nyi felt\u00e9teleinek m\u00e1s szervek elj\u00e1r\u00e1s\u00e1ban t\u00f6rt\u00e9n\u0151 felhaszn\u00e1l\u00e1sa c\u00e9lj\u00e1b\u00f3l a honlapj\u00e1n folyamatosan nyilv\u00e1noss\u00e1gra hozza azoknak az ad\u00f3z\u00f3knak a nev\u00e9t, sz\u00e9khely\u00e9t, ad\u00f3sz\u00e1m\u00e1t (ad\u00f3sz\u00e1mmal nem rendelkez\u0151 term\u00e9szetes szem\u00e9ly foglalkoztat\u00f3 nev\u00e9t, lakc\u00edm\u00e9t, ad\u00f3azonos\u00edt\u00f3 jel\u00e9t), akik (amelyek) tekintet\u00e9ben joger\u0151s \u00e9s v\u00e9grehajthat\u00f3 k\u00f6zigazgat\u00e1si vagy b\u00edr\u00f3s\u00e1gi hat\u00e1rozat meg\u00e1llap\u00edtotta, hogy nem tettek eleget a munkaviszony l\u00e9tes\u00edt\u00e9s\u00e9vel&#8230;<\/p>\n","protected":false},"author":1,"featured_media":0,"parent":0,"menu_order":0,"comment_status":"closed","ping_status":"closed","template":"","meta":{"footnotes":""},"class_list":["post-773","page","type-page","status-publish","hentry"],"_links":{"self":[{"href":"https:\/\/vkdszsz.hu\/index.php?rest_route=\/wp\/v2\/pages\/773","targetHints":{"allow":["GET"]}}],"collection":[{"href":"https:\/\/vkdszsz.hu\/index.php?rest_route=\/wp\/v2\/pages"}],"about":[{"href":"https:\/\/vkdszsz.hu\/index.php?rest_route=\/wp\/v2\/types\/page"}],"author":[{"embeddable":true,"href":"https:\/\/vkdszsz.hu\/index.php?rest_route=\/wp\/v2\/users\/1"}],"replies":[{"embeddable":true,"href":"https:\/\/vkdszsz.hu\/index.php?rest_route=%2Fwp%2Fv2%2Fcomments&post=773"}],"version-history":[{"count":1,"href":"https:\/\/vkdszsz.hu\/index.php?rest_route=\/wp\/v2\/pages\/773\/revisions"}],"predecessor-version":[{"id":774,"href":"https:\/\/vkdszsz.hu\/index.php?rest_route=\/wp\/v2\/pages\/773\/revisions\/774"}],"wp:attachment":[{"href":"https:\/\/vkdszsz.hu\/index.php?rest_route=%2Fwp%2Fv2%2Fmedia&parent=773"}],"curies":[{"name":"wp","href":"https:\/\/api.w.org\/{rel}","templated":true}]}}

Be nem jelentett alkalmazottat foglalkoztatók nyilvánosságra hozatala

<p>Az állami adóhatóság a munkaügyi kapcsolatok rendezettsége törvényi feltételeinek más szervek eljárásában történő felhasználása céljából a honlapján folyamatosan nyilvánosságra hozza azoknak az adózóknak a nevét, székhelyét, adószámát (adószámmal nem rendelkező természetes személy foglalkoztató nevét, lakcímét, adóazonosító jelét), akik (amelyek) tekintetében jogerős és végrehajtható közigazgatási vagy bírósági határozat megállapította, hogy nem tettek eleget a munkaviszony létesítésével összefüggő bejelentési kötelezettségüknek. Az adóhatóság a honlapján ezen adózók nevének (székhelyének, adószámának) feltüntetése mellett a jogsértést megállapító határozat keltét és végrehajthatóvá válásának napját nyilvánosságra hozza.<br />
Ha az adóhatóság határozatának bírósági felülvizsgálata iránt keresetet indítottak, az adatok közzétételére a bíróság jogerős és végrehajtható határozata alapján kerül sor.<br />
Az adóhatóság a honlapján közzétett adózók adatait &#8211; feltéve, hogy a közzététel alapjául szolgáló jogsértést az adózó ismételten nem követte el &#8211; a közzétételtől számított két év<br />
elteltével törli.</p>
<p>A rendezett munkaügyi kapcsolatok követelménye<br />
A közzétett adózók közül kizárólag az nem felel meg a rendezett munkaügyi kapcsolatok követelményének, akit a költségvetési támogatás igénylésének időpontját megelőző két éven belül: ismételten, a korábbival azonos és ugyanazon telephelyen elkövetett jogsértés miatt sújtott bírsággal az adóhatóság, illetve a bíróság.</p>
<p>A szociális hozzájárulási adó mértéke<br />
2017. január 1-jétől 22 %</p>

<p>Az állami adóhatóság a munkaügyi kapcsolatok rendezettsége törvényi feltételeinek más szervek eljárásában történő felhasználása céljából a honlapján folyamatosan nyilvánosságra hozza azoknak az adózóknak a nevét, székhelyét, adószámát (adószámmal nem rendelkező természetes személy foglalkoztató nevét, lakcímét, adóazonosító jelét), akik (amelyek) tekintetében jogerős és végrehajtható közigazgatási vagy bírósági határozat megállapította, hogy nem tettek eleget a munkaviszony létesítésével&#8230;</p>
