{"id":781,"date":"2018-06-18T07:41:54","date_gmt":"2018-06-18T07:41:54","guid":{"rendered":"http:\/\/vkdszsz.hu\/?page_id=781"},"modified":"2018-06-18T07:41:54","modified_gmt":"2018-06-18T07:41:54","slug":"2017-januar-1-tol-megvaltozik-a-rehabilitacios-jarulek-szamitasi-modja-valamint-a-napi-pihenoidore-vonatkozo-szabalyozas","status":"publish","type":"page","link":"https:\/\/vkdszsz.hu\/?page_id=781","title":{"rendered":"2017. janu\u00e1r 1-t\u0151l megv\u00e1ltozik a rehabilit\u00e1ci\u00f3s j\u00e1rul\u00e9k sz\u00e1m\u00edt\u00e1si m\u00f3dja, valamint a napi pihen\u0151id\u0151re vonatkoz\u00f3 szab\u00e1lyoz\u00e1s."},"content":{"rendered":"<p><strong>Rehabilit\u00e1ci\u00f3s hozz\u00e1j\u00e1rul\u00e1s<\/strong><\/p>\n<p><strong>\u00a0<\/strong><\/p>\n<p>A megv\u00e1ltozott munkak\u00e9pess\u00e9g\u0171 szem\u00e9lyek ell\u00e1t\u00e1sair\u00f3l \u00e9s egyes t\u00f6rv\u00e9nyek m\u00f3dos\u00edt\u00e1s\u00e1r\u00f3l sz\u00f3l\u00f3 2011. \u00e9vi CXCI. t\u00f6rv\u00e9ny m\u00f3dos\u00edt\u00e1sa<\/p>\n<p>A megv\u00e1ltozott munkak\u00e9pess\u00e9g\u0171 szem\u00e9lyek ell\u00e1t\u00e1sair\u00f3l \u00e9s egyes t\u00f6rv\u00e9nyek m\u00f3dos\u00edt\u00e1s\u00e1r\u00f3l sz\u00f3l\u00f3 2011. \u00e9vi CXCI. t\u00f6rv\u00e9ny 23. \u00a7 (5) bekezd\u00e9s\u00e9ben a \u201e964 500 Ft\u201d sz\u00f6vegr\u00e9sz hely\u00e9be az \u201ea t\u00e1rgy\u00e9v els\u0151 napj\u00e1n a teljes munkaid\u0151ben foglalkoztatott munkav\u00e1llal\u00f3 r\u00e9sz\u00e9re meg\u00e1llap\u00edtott alapb\u00e9r k\u00f6telez\u0151 legkisebb \u00f6sszeg\u00e9nek kilencszerese\u201d sz\u00f6veg l\u00e9p.<\/p>\n<p>A v\u00e1ltoztat\u00e1ssal a mindenkori minim\u00e1lb\u00e9r v\u00e1ltoz\u00e1s\u00e1val azonos ar\u00e1nyban n\u00f6vekszik a rehabilit\u00e1ci\u00f3s hozz\u00e1j\u00e1rul\u00e1s.<\/p>\n<p>A munkaad\u00f3 a megv\u00e1ltozott munkak\u00e9pess\u00e9g\u0171 szem\u00e9lyek foglalkoz\u00e1si rehabilit\u00e1ci\u00f3j\u00e1nak el\u0151seg\u00edt\u00e9se \u00e9rdek\u00e9ben rehabilit\u00e1ci\u00f3s hozz\u00e1j\u00e1rul\u00e1s fizet\u00e9s\u00e9re k\u00f6teles, ha az \u00e1ltala foglalkoztatottak l\u00e9tsz\u00e1ma a 25 f\u0151t meghaladja, \u00e9s az \u00e1ltala foglalkoztatott megv\u00e1ltozott munkak\u00e9pess\u00e9g\u0171 szem\u00e9lyek sz\u00e1ma nem \u00e9ri el a l\u00e9tsz\u00e1m 5 sz\u00e1zal\u00e9k\u00e1t.<br \/>\nA rehabilit\u00e1ci\u00f3s hozz\u00e1j\u00e1rul\u00e1s \u00e9ves \u00f6sszege a k\u00f6telez\u0151 foglalkoztat\u00e1si szintb\u0151l hi\u00e1nyz\u00f3 l\u00e9tsz\u00e1m, valamint a rehabilit\u00e1ci\u00f3s hozz\u00e1j\u00e1rul\u00e1s szorzata.<br \/>\nL\u00e9tsz\u00e1mon a K\u00f6zponti Statisztikai Hivatal munka\u00fcgy-statisztikai adatszolg\u00e1ltat\u00e1shoz kiadott \u00fatmutat\u00f3j\u00e1ban foglaltak szerinti t\u00e1rgy\u00e9vi \u00e1tlagos statisztikai \u00e1llom\u00e1nyi l\u00e9tsz\u00e1mot kell \u00e9rteni. A statisztikai \u00e1llom\u00e1nyi l\u00e9tsz\u00e1mot egy tizedes jegyre kerek\u00edtve a kerek\u00edt\u00e9s \u00e1ltal\u00e1nos szab\u00e1lyai szerint kell meghat\u00e1rozni.<br \/>\nAlkalmaz\u00e1sban \u00e1ll\u00f3nak tekintend\u0151 az a munkav\u00e1llal\u00f3, aki a munk\u00e1ltat\u00f3val munkav\u00e9gz\u00e9sre ir\u00e1nyul\u00f3 jogviszonyban \u00e1ll, s munkaszerz\u0151d\u00e9se, munkav\u00e9gz\u00e9sre ir\u00e1nyul\u00f3 meg\u00e1llapod\u00e1sa alapj\u00e1n, havi \u00e1tlagban (t\u00f6rt havi munkaszerz\u0151d\u00e9s eset\u00e9n havi teljes\u00edt\u00e9sre \u00e1tsz\u00e1m\u00edtva) legal\u00e1bb 60 munka\u00f3r\u00e1ban munkad\u00edj ellen\u00e9ben munkav\u00e9gz\u00e9sre k\u00f6telezett. Az alkalmaz\u00e1sban \u00e1ll\u00f3k f\u0151bb csoportjai:<br \/>\nMunkaer\u0151-k\u00f6lcs\u00f6nz\u00e9s eset\u00e9n a k\u00f6lcs\u00f6nz\u00f6tt munkav\u00e1llal\u00f3t a kik\u00f6lcs\u00f6nz\u00e9s tartama alatt a k\u00f6lcs\u00f6nvev\u0151n\u00e9l, &#8211; a k\u00f6lcs\u00f6nbead\u00f3nak a k\u00f6lcs\u00f6nvev\u0151 fel\u00e9 tett erre ir\u00e1nyul\u00f3 nyilatkozata eset\u00e9n a k\u00f6lcs\u00f6nbead\u00f3n\u00e1l &#8211; kell a rehabilit\u00e1ci\u00f3s hozz\u00e1j\u00e1rul\u00e1s alapj\u00e1ul szolg\u00e1l\u00f3 statisztikai l\u00e9tsz\u00e1m sz\u00e1m\u00edt\u00e1sa sor\u00e1n figyelembe venni.<\/p>\n<p>A megv\u00e1ltozott munkak\u00e9pess\u00e9g\u0171 munkav\u00e1llal\u00f3t foglalkoztat\u00f3 munkaad\u00f3nak a rehabilit\u00e1ci\u00f3s hozz\u00e1j\u00e1rul\u00e1s meg\u00e1llap\u00edt\u00e1sa c\u00e9lj\u00e1b\u00f3l nyilv\u00e1ntart\u00e1st kell vezetnie, amely tartalmazza a megv\u00e1ltozott munkak\u00e9pess\u00e9g\u0171 munkav\u00e1llal\u00f3 term\u00e9szetes szem\u00e9lyazonos\u00edt\u00f3 adatait, a t\u00e1rsadalombiztos\u00edt\u00e1si azonos\u00edt\u00f3 jel\u00e9t, a munkak\u00e9pess\u00e9g v\u00e1ltoz\u00e1s\u00e1nak, eg\u00e9szs\u00e9gi \u00e1llapot\u00e1nak, eg\u00e9szs\u00e9gk\u00e1rosod\u00e1s\u00e1nak m\u00e9rt\u00e9k\u00e9t, a fogyat\u00e9koss\u00e1g t\u00e9ny\u00e9t, tov\u00e1bb\u00e1 az ezek igazol\u00e1s\u00e1ra szolg\u00e1l\u00f3 okirat m\u00e1solat\u00e1t. A nyilv\u00e1ntart\u00e1st a munk\u00e1ltat\u00f3 a foglalkoztat\u00e1s megsz\u0171n\u00e9s\u00e9t k\u00f6vet\u0151 \u00f6t \u00e9vig k\u00f6teles meg\u0151rizni. A negyedik negyed\u00e9vre el\u0151leget fizetni nem kell. A tev\u00e9kenys\u00e9g\u00e9t megkezd\u0151 k\u00f6telezett az els\u0151 teljes negyed\u00e9v ut\u00e1n k\u00f6teles el\u0151sz\u00f6r bevall\u00e1st \u00e9s el\u0151legfizet\u00e9st teljes\u00edteni.<\/p>\n<p>A rehabilit\u00e1ci\u00f3s hozz\u00e1j\u00e1rul\u00e1st a fizet\u00e9s\u00e9re k\u00f6telezett munkaad\u00f3 maga vallja be, \u00e1llap\u00edtja meg, \u00e9s k\u00f6zvetlen\u00fcl fizeti be az \u00e1llami ad\u00f3hat\u00f3s\u00e1gn\u00e1l vezetett sz\u00e1mla jav\u00e1ra.<br \/>\nA rehabilit\u00e1ci\u00f3s hozz\u00e1j\u00e1rul\u00e1sra \u00e9v k\u00f6zben negyed\u00e9venk\u00e9nt el\u0151leget kell fizetni. Az el\u0151leg m\u00e9rt\u00e9ke a mindenkori t\u00e1rgynegyed\u00e9vre vonatkoz\u00f3 t\u00e9nyadatok alapj\u00e1n kisz\u00e1m\u00edtott \u00e9ves rehabilit\u00e1ci\u00f3s hozz\u00e1j\u00e1rul\u00e1s fizet\u00e9si k\u00f6telezetts\u00e9g huszon\u00f6t sz\u00e1zal\u00e9ka. Az el\u0151leg \u00f6sszeg\u00e9t a munkaad\u00f3 maga \u00e1llap\u00edtja meg, \u00e9s a fizet\u00e9si k\u00f6telezetts\u00e9g teljes\u00edt\u00e9s\u00e9vel egyidej\u0171leg vallja be.<br \/>\nA negyedik negyed\u00e9vre el\u0151leget fizetni nem kell. A tev\u00e9kenys\u00e9g\u00e9t megkezd\u0151 k\u00f6telezett az els\u0151 teljes negyed\u00e9v ut\u00e1n k\u00f6teles el\u0151sz\u00f6r bevall\u00e1st \u00e9s el\u0151legfizet\u00e9st teljes\u00edteni.<\/p>\n<p>Megv\u00e1ltozott munkak\u00e9pess\u00e9g\u0171 szem\u00e9lynek kell tekinteni azt a szem\u00e9lyt, aki legal\u00e1bb 40 sz\u00e1zal\u00e9kos eg\u00e9szs\u00e9gk\u00e1rosod\u00e1ssal rendelkezik, az err\u0151l sz\u00f3l\u00f3 szakv\u00e9lem\u00e9ny, szakhat\u00f3s\u00e1gi \u00e1ll\u00e1sfoglal\u00e1s id\u0151beli hat\u00e1lya alatt, akinek a munkak\u00e9pess\u00e9g-cs\u00f6kken\u00e9se 50-100 sz\u00e1zal\u00e9kos m\u00e9rt\u00e9k\u0171, az err\u0151l sz\u00f3l\u00f3 szakv\u00e9lem\u00e9ny id\u0151beli hat\u00e1lya alatt, vagy aki fogyat\u00e9koss\u00e1gi t\u00e1mogat\u00e1sban vagy vakok szem\u00e9lyi j\u00e1rad\u00e9k\u00e1ban r\u00e9szes\u00fcl \u00e9s a munkaszerz\u0151d\u00e9se szerinti napi munkaideje a 4 \u00f3r\u00e1t el\u00e9ri.<\/p>\n<p>Javasolt minden olyan munk\u00e1ltat\u00f3n\u00e1l, ahol a foglalkoztatottak sz\u00e1ma a 25 f\u0151t meghaladja minden 25 f\u0151 ut\u00e1n egy megv\u00e1ltozott munkak\u00e9pess\u00e9g\u0171 szem\u00e9ly foglalkoztat\u00e1sa.<\/p>\n<p><strong>Napi pihen\u0151id\u0151<\/strong><\/p>\n<p>Az Mt. 104. \u00a7 (1) A napi munka befejez\u00e9se \u00e9s a k\u00f6vetkez\u0151 munkanapi munkakezd\u00e9s k\u00f6z\u00f6tt legal\u00e1bb tizenegy \u00f3ra egybef\u00fcgg\u0151 pihen\u0151id\u0151t (a tov\u00e1bbiakban: napi pihen\u0151id\u0151) kell biztos\u00edtani.<br \/>\n(2) A napi pihen\u0151id\u0151 id\u0151tartama legal\u00e1bb nyolc \u00f3ra<br \/>\na) az osztott munkaid\u0151ben,<br \/>\nb) a megszak\u00edt\u00e1s n\u00e9lk\u00fcli,<br \/>\nc) a t\u00f6bb m\u0171szakos vagy<br \/>\nd) az id\u00e9nyjelleg\u0171 tev\u00e9kenys\u00e9g keret\u00e9ben<br \/>\nfoglalkoztatott munkav\u00e1llal\u00f3 eset\u00e9ben.<br \/>\n(3) A napi pihen\u0151id\u0151, ha az a ny\u00e1ri id\u0151sz\u00e1m\u00edt\u00e1s kezdet\u00e9nek id\u0151pontj\u00e1ra esik, legal\u00e1bb t\u00edz, a (2) bekezd\u00e9s alkalmaz\u00e1sakor legal\u00e1bb h\u00e9t \u00f3ra.<br \/>\n(4) A (2) vagy a (3) bekezd\u00e9s alkalmaz\u00e1sa eset\u00e9n a k\u00e9t egym\u00e1st k\u00f6vet\u0151en beosztott napi pihen\u0151id\u0151k egy\u00fcttes tartama legal\u00e1bb huszonk\u00e9t \u00f3ra.<br \/>\n(5) A k\u00e9szenl\u00e9tet k\u00f6vet\u0151en nem kell pihen\u0151id\u0151t beosztani, ha a munkav\u00e1llal\u00f3 munk\u00e1t nem v\u00e9gzett.\u201d<\/p>\n<p>Fontos v\u00e1ltoz\u00e1s, hogy mindem munkav\u00e1llal\u00f3 eset\u00e9ben k\u00e9t egym\u00e1st k\u00f6vet\u0151en beosztott napi pihen\u0151id\u0151 eset\u00e9n \u00f6sszesen legal\u00e1bb huszonk\u00e9t \u00f3ra pihen\u0151id\u0151t kell biztos\u00edtani.<br \/>\nAmennyiben teh\u00e1t az Mt. \u00e1ltal felsorolt esetekben az els\u0151 pihen\u0151id\u0151t nyolc \u00f3r\u00e1ban \u00e1llap\u00edtja\u00a0 meg a munk\u00e1ltat\u00f3 akkor, azt k\u00f6vet\u0151en legal\u00e1bb tizenn\u00e9gy \u00f3ra napi pihen\u0151id\u0151t kell biztos\u00edtani a munkav\u00e1llal\u00f3 r\u00e9sz\u00e9re.<\/p>\n<p>A k\u00e9szenl\u00e9ti jelleg\u0171 munkak\u00f6r eset\u00e9ben is \u2013 a (2) bekezd\u00e9sben meghat\u00e1rozottak kiv\u00e9tel\u00e9vel &#8211; a napi pihen\u0151id\u0151 \u00e1ltal\u00e1nosan tizenegy \u00f3ra lesz.<\/p>\n","protected":false},"excerpt":{"rendered":"<p>Rehabilit\u00e1ci\u00f3s hozz\u00e1j\u00e1rul\u00e1s \u00a0 A megv\u00e1ltozott munkak\u00e9pess\u00e9g\u0171 szem\u00e9lyek ell\u00e1t\u00e1sair\u00f3l \u00e9s egyes t\u00f6rv\u00e9nyek m\u00f3dos\u00edt\u00e1s\u00e1r\u00f3l sz\u00f3l\u00f3 2011. \u00e9vi CXCI. t\u00f6rv\u00e9ny m\u00f3dos\u00edt\u00e1sa A megv\u00e1ltozott munkak\u00e9pess\u00e9g\u0171 szem\u00e9lyek ell\u00e1t\u00e1sair\u00f3l \u00e9s egyes t\u00f6rv\u00e9nyek m\u00f3dos\u00edt\u00e1s\u00e1r\u00f3l sz\u00f3l\u00f3 2011. \u00e9vi CXCI. t\u00f6rv\u00e9ny 23. \u00a7 (5) bekezd\u00e9s\u00e9ben a \u201e964 500 Ft\u201d sz\u00f6vegr\u00e9sz hely\u00e9be az \u201ea t\u00e1rgy\u00e9v els\u0151 napj\u00e1n a teljes munkaid\u0151ben foglalkoztatott munkav\u00e1llal\u00f3 r\u00e9sz\u00e9re meg\u00e1llap\u00edtott alapb\u00e9r&#8230;<\/p>\n","protected":false},"author":1,"featured_media":0,"parent":0,"menu_order":0,"comment_status":"closed","ping_status":"closed","template":"","meta":{"footnotes":""},"class_list":["post-781","page","type-page","status-publish","hentry"],"_links":{"self":[{"href":"https:\/\/vkdszsz.hu\/index.php?rest_route=\/wp\/v2\/pages\/781","targetHints":{"allow":["GET"]}}],"collection":[{"href":"https:\/\/vkdszsz.hu\/index.php?rest_route=\/wp\/v2\/pages"}],"about":[{"href":"https:\/\/vkdszsz.hu\/index.php?rest_route=\/wp\/v2\/types\/page"}],"author":[{"embeddable":true,"href":"https:\/\/vkdszsz.hu\/index.php?rest_route=\/wp\/v2\/users\/1"}],"replies":[{"embeddable":true,"href":"https:\/\/vkdszsz.hu\/index.php?rest_route=%2Fwp%2Fv2%2Fcomments&post=781"}],"version-history":[{"count":1,"href":"https:\/\/vkdszsz.hu\/index.php?rest_route=\/wp\/v2\/pages\/781\/revisions"}],"predecessor-version":[{"id":782,"href":"https:\/\/vkdszsz.hu\/index.php?rest_route=\/wp\/v2\/pages\/781\/revisions\/782"}],"wp:attachment":[{"href":"https:\/\/vkdszsz.hu\/index.php?rest_route=%2Fwp%2Fv2%2Fmedia&parent=781"}],"curies":[{"name":"wp","href":"https:\/\/api.w.org\/{rel}","templated":true}]}}