{"id":83,"date":"2018-06-11T12:48:06","date_gmt":"2018-06-11T12:48:06","guid":{"rendered":"http:\/\/vkdszsz.hu\/?page_id=83"},"modified":"2020-11-12T09:09:43","modified_gmt":"2020-11-12T09:09:43","slug":"rolunk","status":"publish","type":"page","link":"https:\/\/vkdszsz.hu\/?page_id=83","title":{"rendered":"R\u00f3lunk"},"content":{"rendered":"<h2><strong>K\u00f6sz\u00f6nt\u0151<\/strong><\/h2>\n<p style=\"text-align: center;\">\u00dcdv\u00f6z\u00f6lj\u00fck a<br \/>\n<strong>V\u00edz\u00fcgyi K\u00f6zszolg\u00e1ltat\u00e1si Dolgoz\u00f3k Szakszervezeti Sz\u00f6vets\u00e9g\u00e9nek<\/strong><br \/>\nhonlapj\u00e1n!<\/p>\n<p>&nbsp;<\/p>\n<p><strong>&#8222;Egy\u00fctt egym\u00e1s\u00e9rt!&#8221;<\/strong><\/p>\n<p>A V\u00edz\u00fcgyi K\u00f6zszolg\u00e1ltat\u00e1si Dolgoz\u00f3k Szakszervezeti Sz\u00f6vets\u00e9ge \/VKDSZ\/ a v\u00edz-, csatorna- \u00e9s f\u00fcrd\u0151szolg\u00e1ltat\u00e1si \u00e1gazatban dolgoz\u00f3 munkav\u00e1llal\u00f3k orsz\u00e1gos \u00e9rdek k\u00e9pviselet\u00e9t ell\u00e1t\u00f3 szakszervezeti t\u00f6m\u00f6r\u00fcl\u00e9s. \u00a0F\u0151 feladata a munkav\u00e1llal\u00f3k egy\u00e9ni \u00e9s szakmai k\u00e9pviselete, a munkahelyek v\u00e9delme.<\/p>\n<p>&nbsp;<\/p>\n<p>Az \u00faj \u00e9vezred m\u00e1sodik \u00e9vtizede \u00faj kih\u00edv\u00e1sok el\u00e9 \u00e1ll\u00edtotta a v\u00edzik\u00f6zm\u0171 szolg\u00e1ltat\u00f3kat. Hat\u00e1lyba l\u00e9pett a v\u00edzik\u00f6zm\u0171 t\u00f6rv\u00e9ny a vonatkoz\u00f3 korm\u00e1nyrendeletekkel. Hat\u00f3s\u00e1gilag cs\u00f6kkentek a gazd\u00e1lkod\u00e1s f\u0151 forr\u00e1s\u00e1t jelent\u0151 \u00a0v\u00edz- \u00e9s csatornad\u00edjak. Eddig ismeretlen \u201ecs\u0151ad\u00f3val\u201d terhelt\u00e9k meg a v\u00edzik\u00f6zm\u0171 c\u00e9geket. Ezek a v\u00e1ltoz\u00e1sok minden v\u00edzm\u0171vest kedvez\u0151tlen\u00fcl \u00e9rintettek. Az \u00fczemeltet\u0151 szervezetek sz\u00e1m\u00e1nak cs\u00f6kken\u00e9se az \u00faj szervezeti form\u00e1kkal, vezet\u00e9si \u00e9s ir\u00e1ny\u00edt\u00e1si szintek kialak\u00edt\u00e1s\u00e1val vesz\u00e9lyeztette a munkahelyeket.<\/p>\n<p>&nbsp;<\/p>\n<p>A 2020-ban r\u00e1nk t\u00f6rt vil\u00e1gj\u00e1rv\u00e1ny a f\u00fcrd\u0151szolg\u00e1ltat\u00e1sban dolgoz\u00f3 ezrek meg\u00e9lhet\u00e9s\u00e9t is vesz\u00e9lybe sodorta.<\/p>\n<p>&nbsp;<\/p>\n<p>Mindezek miatt:<\/p>\n<p>&#8211; Fontos feladatunk fell\u00e9pni \u00a0az\u00e9rt, hogy a v\u00edzm\u0171vesek, f\u00fcrd\u0151s koll\u00e9g\u00e1k \u00e9letsz\u00ednvonala, munkab\u00e9re a nemzetgazdas\u00e1g m\u00e1s \u00e1gazatainak megfelel\u0151en emelkedjen,s\u00a0 az infl\u00e1ci\u00f3t k\u00f6vetve fedezze a meg\u00e9lhet\u00e9s k\u00f6lts\u00e9geit.<\/p>\n<p>&nbsp;<\/p>\n<p>&#8211; Fontosnak tartjuk, hogy a \u00a0\u00a0v\u00edz-\u00e9s csatornam\u0171vekn\u00e9l a sz\u00fcks\u00e9gszer\u0171 takar\u00e9koss\u00e1g, ne a munkav\u00e1llal\u00f3 k\u00e1r\u00e1ra t\u00f6rt\u00e9njen.<\/p>\n<p>&nbsp;<\/p>\n<p>&#8211; Napjaink egyik f\u0151 feladata az \u00e1gazatban \u00a0dolgoz\u00f3k munkahelyeinek v\u00e9delme, megseg\u00edt\u00e9se mindazoknak, akiknek a j\u00e1rv\u00e1ny miatt sz\u0171nik meg a munkahelye.<\/p>\n<p>&nbsp;<\/p>\n<p>A munka vil\u00e1ga egyre bonyolultabb kapcsolati \u00e9s \u00e9rdekviszony. Az egyes embernek \u00f6n\u00e1ll\u00f3an neh\u00e9z jogaikat \u00e9rv\u00e9nyre juttatni a munk\u00e1ltat\u00f3val szemben. A szakszervezet ezt &#8211; megfelel\u0151 jogi h\u00e1tt\u00e9rrel, felhatalmaz\u00e1ssal- hat\u00e9konyabban tudja v\u00e9gezni. Akkor tudunk eredm\u00e9nyesebbek lenni, \u00a0ha t\u00f6bben \u00a0\u00e9s egys\u00e9gesebbek vagyunk. V\u00e1rjuk az \u00faj tagokat tagszervezeteinkn\u00e9l.<\/p>\n<p>&nbsp;<\/p>\n<p>Ahol m\u00e9g nincs szervezet az \u00faj tagszervezet megalak\u00edt\u00e1s\u00e1hoz teljes k\u00f6r\u0171\u00a0 seg\u00edts\u00e9get ny\u00fajtunk.<\/p>\n<p>&nbsp;<\/p>\n<p>C\u00e9lunk, hogy minden vizes munkav\u00e1llal\u00f3ra \u00e1gazati kollekt\u00edv szerz\u0151d\u00e9s\u00a0 legyen \u00e9rv\u00e9nyes.<\/p>\n<p>&nbsp;<\/p>\n<p style=\"text-align: center;\">F\u00fcrjes-G\u00e1bor J\u00f3zsef<br \/>\neln\u00f6k<\/p>\n","protected":false},"excerpt":{"rendered":"<p>K\u00f6sz\u00f6nt\u0151 \u00dcdv\u00f6z\u00f6lj\u00fck a V\u00edz\u00fcgyi K\u00f6zszolg\u00e1ltat\u00e1si Dolgoz\u00f3k Szakszervezeti Sz\u00f6vets\u00e9g\u00e9nek honlapj\u00e1n! &nbsp; &#8222;Egy\u00fctt egym\u00e1s\u00e9rt!&#8221; A V\u00edz\u00fcgyi K\u00f6zszolg\u00e1ltat\u00e1si Dolgoz\u00f3k Szakszervezeti Sz\u00f6vets\u00e9ge \/VKDSZ\/ a v\u00edz-, csatorna- \u00e9s f\u00fcrd\u0151szolg\u00e1ltat\u00e1si \u00e1gazatban dolgoz\u00f3 munkav\u00e1llal\u00f3k orsz\u00e1gos \u00e9rdek k\u00e9pviselet\u00e9t ell\u00e1t\u00f3 szakszervezeti t\u00f6m\u00f6r\u00fcl\u00e9s. \u00a0F\u0151 feladata a munkav\u00e1llal\u00f3k egy\u00e9ni \u00e9s szakmai k\u00e9pviselete, a munkahelyek v\u00e9delme. &nbsp; Az \u00faj \u00e9vezred m\u00e1sodik \u00e9vtizede \u00faj kih\u00edv\u00e1sok el\u00e9 \u00e1ll\u00edtotta a&#8230;<\/p>\n","protected":false},"author":1,"featured_media":0,"parent":0,"menu_order":0,"comment_status":"closed","ping_status":"closed","template":"","meta":{"footnotes":""},"class_list":["post-83","page","type-page","status-publish","hentry"],"_links":{"self":[{"href":"https:\/\/vkdszsz.hu\/index.php?rest_route=\/wp\/v2\/pages\/83","targetHints":{"allow":["GET"]}}],"collection":[{"href":"https:\/\/vkdszsz.hu\/index.php?rest_route=\/wp\/v2\/pages"}],"about":[{"href":"https:\/\/vkdszsz.hu\/index.php?rest_route=\/wp\/v2\/types\/page"}],"author":[{"embeddable":true,"href":"https:\/\/vkdszsz.hu\/index.php?rest_route=\/wp\/v2\/users\/1"}],"replies":[{"embeddable":true,"href":"https:\/\/vkdszsz.hu\/index.php?rest_route=%2Fwp%2Fv2%2Fcomments&post=83"}],"version-history":[{"count":17,"href":"https:\/\/vkdszsz.hu\/index.php?rest_route=\/wp\/v2\/pages\/83\/revisions"}],"predecessor-version":[{"id":1708,"href":"https:\/\/vkdszsz.hu\/index.php?rest_route=\/wp\/v2\/pages\/83\/revisions\/1708"}],"wp:attachment":[{"href":"https:\/\/vkdszsz.hu\/index.php?rest_route=%2Fwp%2Fv2%2Fmedia&parent=83"}],"curies":[{"name":"wp","href":"https:\/\/api.w.org\/{rel}","templated":true}]}}